{"id":58,"date":"2017-04-16T19:22:54","date_gmt":"2017-04-16T19:22:54","guid":{"rendered":"https:\/\/sonicblue-dresden.de\/?page_id=58"},"modified":"2026-03-05T16:35:35","modified_gmt":"2026-03-05T15:35:35","slug":"mitsingen","status":"publish","type":"page","link":"https:\/\/sonicblue-dresden.de\/?page_id=58","title":{"rendered":"Mitsingen"},"content":{"rendered":"<div class=\"inside\">\n<div id=\"aufnahmeritual\" class=\"mod_article block\">\n<div class=\"ce_text block\">\n<p><strong>Los! Jetzt! Sing! &#8211; Sonic Blue <a href=\"mailto:kontakt@conference-of-swing.de\"><img loading=\"lazy\" decoding=\"async\" src=\"https:\/\/sonicblue-dresden.de\/wp-content\/uploads\/2018\/02\/brief-150x150.png\" alt=\"\" width=\"20\" height=\"20\"><\/a><\/strong><\/p>\n<p>Hast du Lust, deine Stimme in toller Gemeinschaft erklingen und swingen zu lassen und mit uns in die Welt des A-Cappella-Jazz-Pop-HipHop einzutauchen? Wir sind ein bunter Haufen aus Studenten bis Rentnern unter professioneller Leitung und freuen uns immer \u00fcber neue Mits\u00e4ngerInnen! Interessierte G\u00e4ste sind immer willkommen.<\/p>\n<p><strong>Was wir uns von dir w\u00fcnschen<\/strong>:<\/p>\n<ul>\n<li>Notenkenntnisse<\/li>\n<li>Chorerfahrung (bevorzugt im Bereich Jazz\/Rock\/Pop)<\/li>\n<li>regelm\u00e4\u00dfige Probenteilnahme<\/li>\n<li>die Bereitschaft, unser Repertoire selbstst\u00e4ndig nachzubereiten (daf\u00fcr gibt es auch tolle \u00dcbe-Dateien)<\/li>\n<\/ul>\n<p><strong>Was du bei uns bekommst<\/strong>:<\/p>\n<ul>\n<li>Leitung durch eine ausgebildete Jazzs\u00e4ngerin, <a href=\"https:\/\/sonicblue-dresden.de\/?page_id=37\">Sabine Helmbold<\/a><\/li>\n<li>mehrere Auftritte im Jahr in und um Dresden<\/li>\n<li>Teilnahme an Wettbewerben<\/li>\n<li>ein bis zwei Probenwochenenden pro Jahr (ganzt\u00e4giges Singen und unvergessliche Feiern&#8230;)<\/li>\n<li>regelm\u00e4\u00dfige Stimmbildung durch Annekathrin Laabs<\/li>\n<\/ul>\n<p>Zuckt dir der Rhythmus schon in den F\u00fc\u00dfen und kannst du kaum erwarten, uns kennenzulernen?<\/p>\n<p>Dann schreib uns gerne eine <strong><a href=\"mailto:kontakt@sonicblue-dresden.de\">E-mail<\/a><\/strong>. Wenn du aufgenommen werden m\u00f6chtest, gibt es ein kleines Vorsingen bei unserer Chorleiterin. Danach entscheiden wir gemeinschaftlich ob wir zusammenpassen.<\/p>\n<p>Wir proben au\u00dferhalb der Schulferien jeden <strong>Mittwoch von 18:45 bis 20:45 Uhr<\/strong> im Probenzentrum Kraftwerk Mitte (Lichtwerk 14, Raum 0.111).<\/p>\n<\/div>\n<\/div>\n<\/div>\n","protected":false},"excerpt":{"rendered":"<p>Los! Jetzt! Sing! &#8211; Sonic Blue Hast du Lust, deine Stimme in toller Gemeinschaft erklingen und swingen zu lassen und mit uns in die Welt des A-Cappella-Jazz-Pop-HipHop einzutauchen? Wir sind ein bunter Haufen aus Studenten bis Rentnern unter professioneller Leitung<\/p>\n","protected":false},"author":55,"featured_media":0,"parent":0,"menu_order":0,"comment_status":"closed","ping_status":"closed","template":"","meta":{"ngg_post_thumbnail":0,"footnotes":""},"class_list":["post-58","page","type-page","status-publish","hentry"],"_links":{"self":[{"href":"https:\/\/sonicblue-dresden.de\/index.php?rest_route=\/wp\/v2\/pages\/58","targetHints":{"allow":["GET"]}}],"collection":[{"href":"https:\/\/sonicblue-dresden.de\/index.php?rest_route=\/wp\/v2\/pages"}],"about":[{"href":"https:\/\/sonicblue-dresden.de\/index.php?rest_route=\/wp\/v2\/types\/page"}],"author":[{"embeddable":true,"href":"https:\/\/sonicblue-dresden.de\/index.php?rest_route=\/wp\/v2\/users\/55"}],"replies":[{"embeddable":true,"href":"https:\/\/sonicblue-dresden.de\/index.php?rest_route=%2Fwp%2Fv2%2Fcomments&post=58"}],"version-history":[{"count":6,"href":"https:\/\/sonicblue-dresden.de\/index.php?rest_route=\/wp\/v2\/pages\/58\/revisions"}],"predecessor-version":[{"id":4917,"href":"https:\/\/sonicblue-dresden.de\/index.php?rest_route=\/wp\/v2\/pages\/58\/revisions\/4917"}],"wp:attachment":[{"href":"https:\/\/sonicblue-dresden.de\/index.php?rest_route=%2Fwp%2Fv2%2Fmedia&parent=58"}],"curies":[{"name":"wp","href":"https:\/\/api.w.org\/{rel}","templated":true}]}}